
False
Does 26 divide 145095?
False
Is 407161 a multiple of 582?
False
Is 120109 a multiple of 179?
True
Does 21 divide 8403812?
False
Does 20 divide 245640?
True
Does 53 divide 2980250?
False
Is 25544 a multiple of 96?
False
Is 16 a factor of 766484?
False
Does 235 divide 790257?
False
Does 5 divide 558249?
False
Is 17 a factor of 149090?
True
Does 90 divide 2053878?
False
Is 27068 a multiple of 510?
False
Does 17 divide 1273589?
True
Is 7 a factor of 5404?
True
Is 149 a factor of 3108289?
True
Is 277 a factor of 123368?
False
Is 38 a factor of 707218?
True
Is 909 a factor of 4891329?
True
Is 78 a factor of 562770?
True
Is 35 a factor of 7042140?
True
Is 7 a factor of 1062761?
True
Does 332 divide 146291?
False
Is 8 a factor of 853808?
True
Does 6 divide 9935848?
False
Is 45 a factor of 68670?
True
Does 19 divide 1588675?
False
Does 80 divide 134745?
False
Is 387842 a multiple of 337?
False
Is 43805 a multiple of 156?
False
Is 4118645 a multiple of 18?
False
Is 261809 a multiple of 2?
False
Is 572481 a multiple of 13?
True
Does 3 divide 1681?
False
Is 93 a factor of 1446150?
True
Is 38 a factor of 5999825?
False
Is 446 a factor of 356354?
True
Is 587 a factor of 1635558?
False
Does 73 divide 1655713?
True
Does 180 divide 26280?
True
Does 4 divide 860520?
True
Does 64 divide 1013210?
False
Is 314 a factor of 414166?
True
Is 295987 a multiple of 131?
False
Is 4266 a multiple of 3?
True
Is 21 a factor of 19026?
True
Is 31160 a multiple of 40?
True
Does 162 divide 4733964?
True
Is 115 a factor of 447949?
False
Is 333044 a multiple of 230?
False
Does 9 divide 812931?
False
Is 35 a factor of 169925?
True
Is 934949 a multiple of 17?
True
Does 203 divide 676977?
False
Does 9 divide 1194114?
False
Does 22 divide 7447620?
False
Is 4990822 a multiple of 17?
False
Does 253 divide 3192027?
False
Is 11 a factor of 2140105?
True
Does 3 divide 11289?
True
Is 316 a factor of 615252?
True
Does 299 divide 33075771?
False
Is 6549 a multiple of 5?
False
Does 14 divide 57890?
True
Is 9 a factor of 3882845?
False
Is 10740 a multiple of 22?
False
Is 254 a factor of 11487150?
True
Does 5 divide 4574?
False
Is 59 a factor of 11868?
False
Is 104 a factor of 366721?
False
Does 112 divide 2697744?
True
Is 12 a factor of 4337233?
False
Is 130 a factor of 121545?
False
Does 4 divide 730440?
True
Does 705 divide 165082?
False
Does 7 divide 5373784?
False
Is 111784 a multiple of 267?
False
Is 995348 a multiple of 92?
True
Does 220 divide 3313522?
False
Is 8 a factor of 168479?
False
Is 318 a factor of 5621286?
True
Does 303 divide 323534?
False
Is 34 a factor of 1688372?
True
Is 233066 a multiple of 164?
False
Is 10462332 a multiple of 46?
True
Does 823 divide 1436958?
True
Is 81429 a multiple of 59?
False
Is 10 a factor of 2744070?
True
Is 12 a factor of 69834?
False
Is 102 a factor of 36720?
True
Is 99 a factor of 115434?
True
Is 279 a factor of 1506928?
False
Does 107 divide 166171?
True
Does 20 divide 571161?
False
Is 1496374 a multiple of 25?
False
Is 3623192 a multiple of 11?
False
Is 381 a factor of 487680?
True
Does 17 divide 21035?
False
Is 16 a factor of 1627488?
True
Does 18 divide 22842?
True
Does 10 divide 688541?
False
Does 13 divide 349500?
False
Is 20 a factor of 43850?
False
Does 19 divide 950874?
True
Is 214 a factor of 2492458?
True
Does 305 divide 155550?
True
Is 19 a factor of 722407?
False
Does 41 divide 6090980?
False
Is 77 a factor of 1413643?
True
Does 34 divide 1225224?
True
Does 4 divide 1039052?
True
Is 13 a factor of 382491?
False
Is 76537 a multiple of 221?
False
Does 7 divide 4619365?
False
Does 71 divide 11049?
False
Is 62340 a multiple of 201?
False
Is 11 a factor of 9378721?
True
Is 85726 a multiple of 41?
False
Is 1951664 a multiple of 853?
True
Is 18 a factor of 885240?
True
Is 165 a factor of 66043?
False
Does 23 divide 239400?
False
Does 805 divide 607684?
False
Is 63023 a multiple of 8?
False
Is 264 a factor of 346632?
True
Does 93 divide 13902261?
False
Is 133998 a multiple of 23?
True
Is 875048 a multiple of 510?
False
Is 433783 a multiple of 23?
False
Is 62224 a multiple of 14?
False
Is 57 a factor of 180006?
True
Does 139 divide 2231784?
True
Is 66613 a multiple of 2?
False
Is 63676 a multiple of 14?
False
Does 46 divide 506785?
False
Does 94 divide 292493?
False
Is 2011310 a multiple of 487?
True
Is 25 a factor of 122238?
False
Is 10 a factor of 2033240?
True
Is 609612 a multiple of 74?
True
Is 23 a factor of 52486?
True
Is 2714133 a multiple of 53?
False
Does 19 divide 28831?
False
Does 14 divide 102778?
False
Is 878244 a multiple of 4?
True
Is 369509 a multiple of 8?
False
Is 151944 a multiple of 4?
True
Is 22 a factor of 2341086?
True
Is 14 a factor of 104873?
False
Does 143 divide 23166?
True
Is 10 a factor of 421876?
False
Is 5340297 a multiple of 12?
False
Is 1465864 a multiple of 388?
True
Does 15 divide 389010?
True
Does 17 divide 1727982?
True
Is 6 a factor of 116582?
False
Does 718 divide 4330464?
False
Is 6932772 a multiple of 1722?
True
Is 2601429 a multiple of 20?
False
Is 2 a factor of 100560?
True
Is 117 a factor of 860693?
False
Is 3989832 a multiple of 762?
True
Is 1283 a factor of 4573895?
True
Is 207367 a multiple of 7?
False
Is 9 a factor of 10890?
True
Does 82 divide 127182?
True
Does 499 divide 6855761?
True
Does 29 divide 2999164?
False
Is 472 a factor of 31624?
True
Does 17 divide 2189?
False
Is 14 a factor of 1287624?
False
Does 118 divide 851134?
True
Is 1907831 a multiple of 42?
False
Does 11 divide 464090?
True
Does 223 divide 131001?
False
Is 173591 a multiple of 43?
True
Does 54 divide 3456596?
False
Is 15625286 a multiple of 562?
True
Is 1040931 a multiple of 543?
True
Is 5911631 a multiple of 7?
False
Is 85404 a multiple of 216?
False
Is 56 a factor of 19118818?
False
Is 243244 a multiple of 727?
False
Is 64 a factor of 7337?
False
Does 343 divide 2474059?
True
Is 1099764 a multiple of 27?
True
Is 20976 a multiple of 6?
True
Is 7400090 a multiple of 205?
True
Is 297447 a multiple of 19?
False
Is 539 a factor of 15092?
True
Is 1092 a factor of 4187489?
False
Is 352438 a multiple of 9?
False
Is 12122055 a multiple of 891?
True
Is 16 a factor of 1261635?
False
Is 202532 a multiple of 20?
False
Is 15 a factor of 2116460?
False
Is 5105580 a multiple of 15?
True
Is 55047 a multiple of 59?
True
Does 44 divide 873444?
True
Is 16 a factor of 2407055?
False
Is 96940 a multiple of 41?
False
Does 190 divide 1388500?
False
Is 232 a factor of 72848?
True
Is 535075 a multiple of 69?
False
Is 250 a factor of 5626000?
True
Does 774 divide 951246?
True
Is 48625 a multiple of 26?
False
Does 25 divide 1332939?
False
Is 31 a factor of 194904?
False
Does 19 divide 2194665?
False
Does 453 divide 1926643?
False
Is 52080 a multiple of 105?
True
Does 217 divide 166552?
False
Is 1930292 a multiple of 28?
True
Is 9 a factor of 1444917?
False
Is 31 a factor of 1772679?
False
Does 5 divide 1414?
False
Does 7 divide 55545?
True
Does 7 divide 1352?
False
Is 189 a factor of 1298183?
False
Is 92 a factor of 112082?
False
Is 217574 a multiple of 12?
False
Is 32 a factor of 350400?
True
Is 6361 a multiple of 29?
False
Does 14 divide 179872?
True
Is 10 a factor of 166707?
False
Is 36452 a multiple of 13?
True
Is 33 a factor of 1198296?
True
Does 158 divide 236620?
False
Is 6 a factor of 16226?
False
Is 5483384 a multiple of 782?
True
Is 13 a factor of 6780462?
True
Is 468377 a multiple of 91?
True
Is 424736 a multiple of 8?
True
Is 2350859 a multiple of 33?
False
Does 935 divide 3892681?
False
Does 74 divide 276316?
True
Is 106560 a multiple of 5?
True
Is 270 a factor of 45090?
True
Is 1022940 a multiple of 190?
False
Is 3 a factor of 627630?
True
Is 124 a factor of 11448122?
False
Does 443 divide 626845?
True
Does 150 divide 3713700?
True
Is 70958 a multiple of 46?
False
Is 84681 a multiple of 267?
False
Is 4 a factor of 13400?
True
Is 613116 a multiple of 252?
True
Is 7 a factor of 54262?
False
Is 24 a factor of 14181?
False
Is 2925232 a multiple of 92?
True
Does 8 divide 114704?
True
Does 54 divide 865350?
True
Is 273216 a multiple of 96?
True
Does 17 divide 509558?
True
Is 165046 a multiple of 14?
True
Is 1552757 a multiple of 15?
False
Is 22 a factor of 9819744?
True
Does 573 divide 498510?
True
Is 13 a factor of 1886187?
Fals